 c = -11 + 22. Calculate the highest common factor of c and b.
11
Let h(y) = -y**2 - 10*y - 5. Let r be h(-8). Let m = r - 3. Calculate the highest common divisor of m and 40.
8
Let a = 38 - -43. Let v be 3/(-15) + a/5. Calculate the highest common divisor of v and 128.
16
Let x be (-9)/4*(-8)/(-3). Let a = x + 7. What is the highest common factor of a and 10?
1
Suppose -3*j = 59 + 28. Let h be ((-3)/2)/((-18)/1068). Let w = j + h. Calculate the greatest common divisor of 24 and w.
12
Suppose 5*k = 7*l - 12*l + 15, 0 = -2*k + 5*l + 13. Suppose -4*s + 3*p = -2*p - 79, -2*p + 74 = 5*s. Calculate the highest common factor of s and k.
4
Suppose -5*f - 23 = -68. Let i = f - -18. Calculate the greatest common factor of i and 18.
9
Suppose r + p - 37 = 0, -5*r + 3*p + p + 212 = 0. What is the greatest common factor of r and 16?
8
Let i = -1 - -7. What is the greatest common divisor of i and 30?
6
Let d be (-2280)/(-54) - 2/9. What is the highest common divisor of d and 105?
21
Suppose 5*x - 46 + 11 = 0. Let y(u) = u**3 + 7*u**2 - 11*u + 4. Let z be y(-8). What is the highest common divisor of z and x?
7
Suppose 0 = 4*s - 0*q - 3*q + 23, -2*s - 1 = -5*q. Let m = s + 14. Let g be 26/7 - 4/(-14). What is the highest common divisor of g and m?
2
Suppose 0 = -0*l + 3*l - 486. Calculate the greatest common factor of 18 and l.
18
Let a = 8 + -6. What is the highest common factor of a and 2?
2
Let z = -216 - -333. Calculate the greatest common divisor of z and 13.
13
Suppose r = 0, 0 = -3*a - 3*r - r. Suppose -m + 3*g - 4 = a, 0*g - g = 0. Let u = -3 - m. Calculate the greatest common factor of 11 and u.
1
Let y(a) = a**3 + 6*a**2 + 1. Let j be y(-6). Let i(s) = 31*s - 3. Let u be i(j). What is the greatest common factor of u and 70?
14
Suppose 0 = -5*m + 25, 0*k + 4*k - 89 = -5*m. Let q = 9 - -31. Calculate the highest common factor of q and k.
8
Let q(y) be the third derivative of y**6/120 + y**5/15 - y**4/3 - y**3 - 3*y**2. Let g be q(-5). What is the greatest common divisor of 72 and g?
9
Let r = -37 - -137. Calculate the greatest common divisor of r and 25.
25
Let o(t) = -t**3 - 4*t**2 - 2*t + 2. Let v be o(-5). Suppose 4*z - 5*a + 10 = 95, 0 = 2*z + 3*a - v. What is the greatest common divisor of z and 4?
4
Let m(c) be the third derivative of c**6/120 - c**5/15 - c**4/8 - c**3 - 2*c**2. Let s be m(5). Calculate the highest common factor of 4 and s.
4
Suppose -27 = -h + a - 5, -45 = -2*h + 3*a. What is the highest common divisor of h and 63?
21
Suppose -4*n + 5*j + 70 = 0, 2*j + 9 = 2*n - 27. Calculate the highest common factor of n and 4.
4
Suppose 0 = -3*c - 0*c + 12. Suppose -r + 3*m = -m - 74, -c*m + 206 = 3*r. Calculate the greatest common factor of r and 14.
14
Suppose -b + 26 = 4*y, -3*y + 4*y - 4*b - 15 = 0. Let c be ((-180)/35)/((-1)/y). What is the greatest common factor of c and 18?
18
Suppose -4*l = -l - 2*w - 197, -5*l - 4*w = -299. Let h(p) = -p**2 + 9*p - 5. Let a be h(7). Calculate the greatest common factor of a and l.
9
Suppose -5*c = -3*m + 149, 5*m - 3*c - 239 = -4*c. Suppose 7*d - 3*d = m. What is the highest common divisor of 12 and d?
12
Suppose 0 = p + 4*p + 105. Let q = p - -33. Let v be (-184)/(-10) + 12/(-30). Calculate the greatest common divisor of v and q.
6
Suppose -76 = -0*b - 2*b - 4*i, 0 = -b - i + 42. What is the greatest common divisor of 184 and b?
46
Let d(c) = -c**3 + c**2 + 26. Let f be d(0). What is the highest common factor of f and 78?
26
Suppose 0*n = 3*n - 4*y - 85, 0 = -5*n + 4*y + 155. What is the greatest common factor of n and 35?
35
Let b = 3 + -10. Let r(f) = f**2 + 5*f - 4. Let g be r(b). Suppose 0 = -0*m - m + 30. Calculate the greatest common factor of g and m.
10
Suppose -324 = -3*l - l + 3*w, -w = 0. Suppose 19 + l = 5*x. What is the greatest common factor of x and 50?
10
Let u be 44/77 + (-18)/21*-221. What is the greatest common factor of 76 and u?
38
Let s(b) = -37*b - 3. Let n be s(-3). Let z(y) = y**3 - 13*y**2 + 5*y - 29. Let k be z(13). Let i = k + -24. What is the highest common factor of n and i?
12
Suppose -2*u + g + 2 = -5, 4*u + 5*g = -21. Suppose -u = -2*c + 11. What is the greatest common factor of c and 9?
3
Suppose -5*j = -2*j - 90. Let g(w) = w**2 + 5*w. Let z be g(-6). Suppose -3*i + 2*i = -z. Calculate the greatest common divisor of i and j.
6
Suppose -14 = 5*f - 7*f. Let v = 1 + f. What is the greatest common factor of v and 8?
8
Let o be -4 - ((-11496)/42 + 6/(-21)). What is the highest common factor of o and 30?
30
Suppose 0*n = n - 34. Calculate the highest common divisor of 85 and n.
17
Let i be (6/(-1))/(22/(-33)). Let m = -35 - -71. What is the highest common divisor of i and m?
9
Suppose 3*n - 2*n = 7. Suppose n = 2*w - 9. Let o be 1/(2/128*2). What is the greatest common factor of o and w?
8
Let p be (2 - 4 - 7)/(1 - 2). What is the greatest common divisor of 9 and p?
9
Let w(x) = -x + 42. Let t be w(10). What is the greatest common factor of t and 4?
4
Let r = 279 + -126. Calculate the highest common divisor of r and 102.
51
Suppose -4*a + 184 = -5*q, 3*a - 5*a - 4*q = -92. Let x = -6 + a. Let g = 4 + 4. What is the greatest common divisor of g and x?
8
Let i(z) = -2 + z - z**2 - 2*z**2 + 1 + 3*z**3. Let b be i(2). Suppose -6*f + 715 = 5*f. What is the greatest common divisor of b and f?
13
Let b be (-3)/(35/(-28)*(-6)/(-10)). Calculate the greatest common factor of 52 and b.
4
Let i(u) = 4*u - 3*u + 5*u - 1 - u. Let k(z) = -z**2 + 5*z - 4. Let c be k(3). Let j be i(c). What is the greatest common factor of 27 and j?
9
Let m be 438/27 + 4/(-18). Suppose -3*n + 2*c = -48, -3*n + c + m = -2*n. Calculate the greatest common divisor of n and 64.
16
Suppose 5*n + 2*t - 23 = 0, 3*n + 5*t = 4*n + 17. Let o be n/(-6) - (-18)/(-4). Let c = o + 7. Calculate the highest common divisor of 6 and c.
2
Suppose -31 = 2*u - 109. Calculate the greatest common factor of u and 26.
13
Let p = 7 + 5. Calculate the highest common divisor of 4 and p.
4
Suppose 7 = -8*z + 9*z. Let i be -4 - -58 - 4/(-2). What is the highest common factor of z and i?
7
Let i = 99 - 51. What is the highest common divisor of 6 and i?
6
Let p be (-1 + 3)/2*12. Suppose u + 19 = 4*m, 4*m + 2*u = p - 2. Suppose 4*c - 4*s - 44 = -s, -c - 3*s = 4. What is the greatest common factor of c and m?
4
Let j = 106 - 96. What is the greatest common divisor of j and 30?
10
Let v(y) = -3 - 4*y - 3*y**2 + 4*y**2 - 2*y**2. Let x be v(-3). Let r be x - 5/((-15)/72). Calculate the highest common divisor of r and 3.
3
Let a(j) = 5*j**2 - 3*j + 16. Let h be a(4). What is the greatest common divisor of 28 and h?
28
Suppose -4*r + 2*n = -30, 5 + 0 = n. Calculate the highest common factor of r and 50.
10
Let n = -102 + 146. Let x = 134 - 136. Let j be n/12 - x/6. Calculate the greatest common factor of 20 and j.
4
Let v = -14 + 26. Suppose 0 = -5*n - 2*a + 40, -3*n - 4*a + 13 = 3. Let k be (176/10)/(n/75). What is the greatest common factor of v and k?
12
Let v be (-10)/3*(-6)/4. Suppose -19 + 4 = -v*w, -4*w = 4*f - 36. Calculate the highest common divisor of f and 6.
6
Suppose 4*x = g + 6, 2*g = -2*g + x + 36. Let d be ((-825)/6)/(-5)*2. Let z = 125 - d. What is the greatest common divisor of g and z?
10
Let x be (-154)/(-10) + 4/(-10). Let j be (3*(-6)/(-9))/((-4)/(-6)). What is the greatest common divisor of x and j?
3
Let r = 1 + 8. Let f be (r + 3)/(4/6). What is the highest common factor of 6 and f?
6
Suppose 2*n - 7 = n. Let t = 13 - n. Calculate the greatest common divisor of 66 and t.
6
Let t(b) = -b**2 + 5*b - 3. Let f be 5 + 0/(-2) - 1. Let q be t(f). What is the greatest common factor of 1 and q?
1
Let m(w) = w**2 + 2*w - 4. Let v be m(-3). Let k be v + 14 + (-9)/3. What is the highest common factor of k and 70?
10
Suppose 0 = 2*m + 34 - 74. Calculate the highest common divisor of 8 and m.
4
Let c(j) = j**3 - 5*j**2 + 2*j - 2. Let d be c(5). Let m = -37 - -77. What is the greatest common divisor of m and d?
8
Suppose 2*o = 7*o - 350. Suppose -3*x + o = -56. Let n be (-2)/((-2)/27) - -1. Calculate the greatest common divisor of n and x.
14
Let o be 1/6 - 310/60. Let w be (o + 2)*(-70)/3. What is the highest common factor of w and 10?
10
Let l(h) = -h**3 + 7*h**2 + h + 1. Suppose -8*z - 28 = -12*z. Let y be l(z). What is th